 - 1. Suppose -q + 34 = l + 5*k, -4*k - 8 = -4*l. Let w(c) = -c**2 + 6*c + 10. Give w(l).
3
Let k(n) = 12*n + 14*n + 6*n**3 - 25*n + 4*n**2 + 3. Let m(u) = -7*u**3 - 4*u**2 - u - 3. Let h(x) = -6*k(x) - 5*m(x). Calculate h(-3).
-9
Let a be 1*(0 + -1) - 4. Let h(g) = 4 + g**2 - 11 + 3*g - 3*g + 2*g. Determine h(a).
8
Let o(a) be the third derivative of a**5/60 + a**4/6 + a**3/3 + 28*a**2. Give o(-5).
7
Let z be 8*(25/(-10))/1. Let y = z + 18. Let g(u) = 2*u**2 + u - 1. Calculate g(y).
5
Let n(u) = -9*u**3 + 10*u**2 + 7*u + 16. Let g(y) = -5*y**3 + 5*y**2 + 4*y + 9. Let i(w) = 7*g(w) - 4*n(w). Determine i(4).
-17
Let m = -14 - -10. Let r(v) be the first derivative of v**4/4 + v**3 - 2*v**2 + 4*v + 40. Give r(m).
4
Let z(t) = -3*t**3 + 4*t**2 + 4*t + 4. Let n(f) = 10*f**3 - 13*f**2 - 13*f - 13. Let v(k) = 2*n(k) + 7*z(k). Let x = 17 - 10. Let r = x + -4. Determine v(r).
-1
Let q(l) = l + 3. Let z(w) be the first derivative of 2*w**2 + 11*w - 14. Let s(c) = -9*q(c) + 2*z(c). Determine s(-4).
-1
Let s(t) = -2*t**3 + t - 1. Let i(c) = -7*c**3 - c**2 + c - 8. Let w(z) = i(z) - 4*s(z). Give w(3).
5
Let l(n) = -7*n**2 + 7*n - 6. Let s(u) = 13*u**2 - 13*u + 11. Let k(i) = -11*l(i) - 6*s(i). Give k(-2).
-6
Let s be ((-4)/4)/((-1)/7). Let v(l) = -6*l + 2*l + 3*l + 0*l - s. Give v(0).
-7
Let d(a) = -4*a**3 - 5*a**2 - 4*a - 1. Let j(y) = 5*y**3 + 6*y**2 + 5*y + 2. Let h(x) = -4*d(x) - 3*j(x). What is h(-2)?
-4
Let p(w) = w**3 + w + 6. Let v(b) be the first derivative of b**2/2 + 2*b - 4. Let d be v(3). Suppose d*i - 3*i = 0. Give p(i).
6
Suppose -5*n = -9*n + 8. Let x(i) = -i**2 + 1 - 5 - n - 4*i. Let k = 0 + -4. Calculate x(k).
-6
Let i(x) be the third derivative of 0*x + 2/3*x**3 + 0*x**4 + 0 + 3*x**2 + 1/60*x**5. Determine i(0).
4
Suppose 0 = -i + 1, -10*y - 3*i + 27 = -7*y. Let c(j) = -j**2 + 15*j + 1. Determine c(y).
57
Let a(c) be the third derivative of -c**6/120 - 17*c**5/60 - 5*c**4/8 + c**3/2 + 143*c**2 + 2*c. What is a(-16)?
-13
Let a be ((-14)/(-6))/(41/(-123)). Let q(z) = -z**2 - 5*z + 21. Calculate q(a).
7
Let k(p) = -5*p - 5 + 4*p + 3. Suppose 0 = 22*z - 6*z + 96. Calculate k(z).
4
Let i = 7721/20 - 386. Let k(j) be the second derivative of -i*j**5 + 0 - 5*j - 1/2*j**4 - 5/2*j**2 + 7/6*j**3. Determine k(-7).
-5
Suppose 3*x = 2*h + 9, 2*x + 5 = h + 10. Let s(n) = n**3 + n**2 - n. Calculate s(h).
-15
Let n(a) = -a**3 + 4*a**2 + 3*a - 5. Let b(o) = o**3 + o**2 + 2*o + 6. Let q be b(0). Suppose -q*i + 3*i - 24 = 0. Let t be (-2)/8 - 34/i. Calculate n(t).
7
Let j(h) be the first derivative of h**2 - h - 136. Give j(-5).
-11
Let f(u) = 6*u + 1. Let t = 17 - 13. Suppose 27 = -v + t. Let n = 24 + v. Give f(n).
7
Let f = 1 + -1. Suppose -3*j + 174 = 3*p, -8 = -2*j + 2. Let m(g) = -g - 30 - 27 + p. Give m(f).
-4
Let z(c) = 2*c + 1. Suppose -3*f - o = o - 9, -5*f - 5*o = -15. Suppose 3*g + 5*l - 4*l = 15, -f*g + 2*l + 24 = 0. What is z(g)?
13
Let l(n) = 2*n - 1. Let h be 88/(-10) + (-5)/25. Let b = h + 8. Give l(b).
-3
Let a(j) = j**2 + 6*j + 2. Let k = -14 - -17. Let v be (3/2)/k*-8. Give a(v).
-6
Suppose 2*b = -74 + 68. Let d(k) = 4*k + 1. Calculate d(b).
-11
Let q(p) = -p**2 - 8*p + 21. Let t(i) = 30*i - 40. Let k be t(1). Give q(k).
1
Let k(y) = y**2 - 20 + 54 - 18 - 13. What is k(-2)?
7
Let r(x) = 3*x**2 - 3*x. Let b be r(2). Let f(p) = -p + p**3 - 3 + 4*p + b + 3*p**2. Let c be f(-3). Let s(o) = -o - 5. Calculate s(c).
1
Let d(h) = -h**2 - 11*h - 11. Let z be 2/4 - 693/66. What is d(z)?
-1
Let w(u) = -u**2 - 2*u + 4. Suppose 3*z + z = 176. Suppose -134*h + 133*h = -40. Let i = h - z. Give w(i).
-4
Let b(q) = -2*q - 2. Let l = 1760 + -1763. Calculate b(l).
4
Let q be ((-36)/(-30))/(2/(-10)). Let x(t) = -t**2 - 10*t. Let g = 5 + -13. Let s(d) = 3*d**2 + 29*d - 1. Let z(k) = g*x(k) - 3*s(k). Calculate z(q).
9
Let h = 102 - 80. Let r(j) = j - 32. Give r(h).
-10
Let j(w) = -11*w - 59. Let x(p) = -7*p - 30. Let u(s) = -3*j(s) + 5*x(s). What is u(13)?
1
Let v = 74 + -95. Let i(y) = y**2 + 22*y + 26. Determine i(v).
5
Let q(j) = 5*j**3 - 2*j**2 - 4*j - 16. Let k(x) = -4*x**3 + 3*x**2 + 3*x + 14. Let o(h) = 4*k(h) + 3*q(h). Calculate o(6).
8
Let o(j) = -3 + 1 - 49*j**2 + 52*j**2. Let k(u) = -4 - 5*u**2 - 1 + 10*u**2. Let q(n) = -4*k(n) + 7*o(n). Calculate q(0).
6
Let n(g) = 2*g**2 - 19*g + 8. Let c(l) = 5*l - 1. Let q = -7 + 8. Let s be c(q). Let z(y) = -y**2 + 10*y - 4. Let d(v) = s*n(v) + 7*z(v). Calculate d(4).
-4
Let u(b) be the first derivative of 37 - 2*b**2 + 54*b + 51*b - 100*b. Give u(4).
-11
Let d(j) be the third derivative of j**5/60 + 5*j**4/24 + 2*j**3/3 + 46*j**2 + 3*j. Give d(-3).
-2
Let w(n) = -3*n - 18. Let a = 1138 - 1146. Calculate w(a).
6
Let u(p) be the second derivative of 0 + 1/6*p**3 + 1/24*p**4 - 7/2*p**2 - 11*p. Let b(h) be the first derivative of u(h). Determine b(-7).
-6
Let c(f) be the second derivative of -4*f**2 + f + 1/20*f**5 - 5/3*f**3 + 3/4*f**4 - 8. What is c(-10)?
-8
Let u = 5 - 18. Let p = -6 - u. Let j(m) = -2*m**2 + 25*m - 1. Let h(b) = -b**2 + 13*b. Let x(y) = -11*h(y) + 6*j(y). Calculate x(p).
-6
Suppose -4 = 72*d - 73*d. Let b(w) = -5*w - 5 - 5*w - w**2 + 2 + d*w. Determine b(-6).
-3
Let c(u) be the first derivative of -u**4/6 - u**2 - 7*u + 4. Let f(j) be the first derivative of c(j). Determine f(-3).
-20
Let z(j) = j**2 - 13*j - 7. Let p be z(13). Let g(a) = 7*a**2 + 11*a - 7. Let c(n) = 4*n**2 + 5*n - 4. Let k(t) = 5*c(t) - 3*g(t). Determine k(p).
8
Let m(j) = 15*j**3 - 8*j**2 - 7*j + 7. Let a(o) = -19*o**3 + 9*o**2 + 8*o - 8. Let n(b) = -4*a(b) - 5*m(b). Determine n(-3).
-3
Let f be -4 + (-4)/12*0. Let v be (-44)/(-8) + 2/f. Let r(l) = -5*l + 2*l + 4*l + 5. What is r(v)?
10
Let z(y) = -6 + 1 + 5*y**2 - 2 + 2*y. Let s(b) = -2 + 14*b**2 + 4*b - 24 + 2*b + 5. Let c(d) = -4*s(d) + 11*z(d). What is c(-5)?
-8
Let h(p) be the first derivative of p**3/3 - 8*p**2 + 13*p - 3. What is h(12)?
-35
Let d(s) = s**3 + 7*s**2 - 2*s + 7. Let y(m) = -m**2. Let a(o) = d(o) + 4*y(o). Calculate a(-4).
-1
Let a(i) = -i**2 - 12*i - 6. Let o = -494 - -483. What is a(o)?
5
Let j(u) = -u + 0*u - 1 - 19*u**2 + 4*u**2. Let v be 3/12*476/(-119). Determine j(v).
-15
Let u(y) = -y**2 - 13*y - 33. Suppose 0 = 2*q - 22 + 44. Give u(q).
-11
Let f(w) = 20*w + 4. Let x(t) = 53*t + 11. Let q(k) = 8*f(k) - 3*x(k). Determine q(5).
4
Let s(n) = -21 + 9 + 24*n**2 - 17 + 12*n - 56*n**2 + 25*n**2 + n**3. Give s(6).
7
Let j(a) be the second derivative of -a**3/2 + 3*a**2/2 + 3*a + 3. Give j(-5).
18
Let a(m) = -m - 1. Let i(h) = h**2 + 2. Let z(c) = 5*a(c) + i(c). Let l be (144/(-27))/((-2)/3). Suppose 3*k - 2*q = 5 - 1, -q = k - l. Give z(k).
-7
Let y(d) be the first derivative of 2*d**2 + d**3 - 6*d + 28 - 1/4*d**4. What is y(4)?
-6
Let j(d) = -d - 7. Suppose 33*s + 80 = 32*s. Let k be 9/(-7) + 1 - s/(-14). Give j(k).
-1
Let y = 49 - 44. Let a(x) = 6*x - 5. Let g(i) = -5*i + 6. Let r(v) = y*g(v) + 4*a(v). What is r(5)?
5
Let l be 0/(-2) + (-99)/(-3). Let w(n) = -l + 30 - 3*n + 0*n**2 + n + n**2. What is w(3)?
0
Let u be (-45)/63 + 2/(-7). Let o(s) be the first derivative of 5*s**4/2 - s**2/2 - s + 9. Give o(u).
-10
Let k(h) = 3*h**2 - 19*h + 22. Let s be k(4). Let t(g) = g**3 + 5*g**2 - 6*g - 6. Calculate t(s).
-6
Let y(s) = s**2 + 2*s - 2. Let g(l) = 6*l**2 + 10*l - 10. Let j(t) = -2*g(t) + 11*y(t). Let f(z) = -3*z + 13. Let p be f(-7). Let b = p - 31. Determine j(b).
-5
Let o(b) be the third derivative of -7*b**4/24 + 7*b**3/6 + 43*b**2 + 3. Give o(-6).
49
Let z(v) = -v**3 - 3*v**2 + 4*v - 1. Let r be 16/12*3 - 14. Let b be (-13 - -53)*(-4)/r. Suppose 2*l + 2*l = -b. Determine z(l).
-1
Suppose 16 = 2*k + 4. Let d(g) = 2 + 4*g + k*g + g - 3. Give d(1).
10
Let h = 37 - 22. Let g = h + -13. Let n(q) = 4*q**g - 2*q + 0*q**2 - 2*q**2 + 0*q + 3. What is n(2)?
7
Let m(o) = o**3 - 9*o**2 + 9*o - 6. Let g be m(8). Let l be ((-1)/2)/(g/20). Let z(b) be the first derivative of b**3/3 + 5*b**2/2 + 1. Give z(l).
0
Let c(r) = -r - 7. Let u = 6 - 11. Let y(m) = 4*m + 13. Let p(h) = -3*h - 10. Let o(x) = 6*p(x) + 5*y(x). Let d be o(u). Calculate c(d).
-2
Let u(g) = -114*g**3 - 136*g**3 - 1 + 253*g**3 - g**2. Calculate u(2).
19
Let c(i) be the second derivative of -i**5/20 + i**4/2 + i**3/6 - 4*i**2 - 2*i. Suppose 3*l + 3*s = 2*s + 13, -3*l = 5*s + 7. Determine c